{"id":812,"date":"2023-07-17T12:04:53","date_gmt":"2023-07-17T10:04:53","guid":{"rendered":"https:\/\/studio-maracajou.fr\/index.php\/studio-maracajou_2023_11-juillet-copy\/"},"modified":"2023-08-30T20:52:18","modified_gmt":"2023-08-30T18:52:18","slug":"8-juillet_-one-page-website-copy-copy-copy-2-3-2","status":"publish","type":"page","link":"https:\/\/studio-maracajou.fr\/index.php\/8-juillet_-one-page-website-copy-copy-copy-2-3-2\/","title":{"rendered":"Studio Maracajou_2023_17 Juillet"},"content":{"rendered":"<!--themify_builder_static--><img loading=\"lazy\" decoding=\"async\" loading=\"lazy\" src=\"https:\/\/studio-maracajou.fr\/wp-content\/uploads\/2023\/07\/MARACAJOU_FINAL_police-blanche-310x260.png\" width=\"310\" height=\"260\" title=\"MARACAJOU_FINAL_police blanche\" alt=\"MARACAJOU_FINAL_police blanche\" srcset=\"https:\/\/studio-maracajou.fr\/wp-content\/uploads\/2023\/07\/MARACAJOU_FINAL_police-blanche-310x260.png 310w, https:\/\/studio-maracajou.fr\/wp-content\/uploads\/2023\/07\/MARACAJOU_FINAL_police-blanche-300x252.png 300w, https:\/\/studio-maracajou.fr\/wp-content\/uploads\/2023\/07\/MARACAJOU_FINAL_police-blanche-768x646.png 768w, https:\/\/studio-maracajou.fr\/wp-content\/uploads\/2023\/07\/MARACAJOU_FINAL_police-blanche.png 955w\" sizes=\"auto, (max-width: 310px) 100vw, 310px\" \/>\n<h1 style=\"text-align: center;\"><strong>Production audiovisuelle<br \/><\/strong><\/h1>\n<p style=\"text-align: center;\">Studio Maracajou est une soci\u00e9t\u00e9 de <b>production audiovisuelle<\/b> cr\u00e9\u00e9e pour accompagner les acteurs du <b>monde rural, agricole<\/b> et de la <strong>transition \u00e9cologique <\/strong>\u00e0 communiquer sur leurs activit\u00e9s et valoriser leurs initiatives.<\/p>\n<em style=\"color:#ffffff\"><svg aria-hidden=\"true\"><use href=\"#tf-ti-pulse\"><\/use><\/svg><\/em> <h3> Animations <\/h3> <p>Donnez vie \u00e0 vos id\u00e9es avec le motion design pour communiquer \u00e0 travers des animations dynamiques<\/p>\n<em style=\"color:#ffffff\"><svg aria-hidden=\"true\"><use href=\"#tf-ti-video-clapper\"><\/use><\/svg><\/em> <h3> Vid\u00e9os et captations <\/h3> <p>Mat\u00e9riel professionnel (cam\u00e9ras 4k, gimbal, drone, micros) pour des images et un rendu de qualit\u00e9<\/p>\n<em style=\"color:#ffffff\"><svg aria-hidden=\"true\"><use href=\"#tf-ti-music-alt\"><\/use><\/svg><\/em> <h3> Bande sonore <\/h3> <p>Sur mesure, compos\u00e9e pour vous, ou s\u00e9lectionn\u00e9e pour repr\u00e9senter au mieux ce que vous \u00eates<\/p>\n<h3>VOUS \u00caTES<\/h3> <p style=\"text-align: center;\">Agriculteur<\/p> <p style=\"text-align: center;\">Association<\/p> <p style=\"text-align: center;\">Centre de formation<\/p> <p style=\"text-align: center;\">Collectivit\u00e9 territoriale<\/p> <p style=\"text-align: center;\">Entreprise, artisan<\/p> <p style=\"text-align: center;\">Institut de recherche<\/p> <p style=\"text-align: center;\">Parc naturel<\/p>\n<h3>&#8211; Accompagnement \u00e0 la structuration de votre projet audiovisuel<\/h3> \u00a0analyse de vos besoins, propositions visuelles, r\u00e9daction des scripts\n<h3>&#8211; Tournage<\/h3> \u00a0recherche des intervenants, planification, prises de vues &amp; son, interviews\n<h3>&#8211; Post-Production<\/h3> \u00a0montage, motion design, mixage audio, \u00e9talonnage, livraison\n<h3>VOTRE PROJET<\/h3> <p style=\"text-align: center;\">Clip vid\u00e9o<\/p> <p style=\"text-align: center;\">Documentaire<\/p> <p style=\"text-align: center;\">Film institutionnel<\/p> <p style=\"text-align: center;\">Reportage<\/p> <p style=\"text-align: center;\">Vid\u00e9o p\u00e9dagogique<\/p> <p style=\"text-align: center;\">\u00a0<\/p>\n<h3>VOUS \u00caTES<\/h3> <p style=\"text-align: center;\">Agriculteur<\/p> <p style=\"text-align: center;\">Association<\/p> <p style=\"text-align: center;\">Centre de formation<\/p> <p style=\"text-align: center;\">Collectivit\u00e9 territoriale<\/p> <p style=\"text-align: center;\">Entreprise, artisan<\/p> <p style=\"text-align: center;\">Institut de recherche<\/p> <p style=\"text-align: center;\">Parc naturel<\/p>\n<h3>VOTRE PROJET<\/h3> <p style=\"text-align: center;\">Clip vid\u00e9o<\/p> <p style=\"text-align: center;\">Documentaire<\/p> <p style=\"text-align: center;\">Film institutionnel<\/p> <p style=\"text-align: center;\">Reportage<\/p> <p style=\"text-align: center;\">Vid\u00e9o p\u00e9dagogique<\/p> <p style=\"text-align: center;\">\u00a0<\/p>\n<h3>&#8211; Accompagnement \u00e0 la structuration de votre projet audiovisuel<\/h3> \u00a0analyse de vos besoins, propositions visuelles, r\u00e9daction des scripts\n<h3>&#8211; Tournage<\/h3> \u00a0recherche des intervenants, planification, prises de vues &amp; son, interviews\n<h3>&#8211; Post-Production<\/h3> \u00a0montage, motion design, mixage audio, \u00e9talonnage, livraison\n<p style=\"text-align: center;\">Studio Maracajou est une soci\u00e9t\u00e9 de <b>production audiovisuelle<\/b> cr\u00e9\u00e9e pour accompagner les acteurs du <b>monde rural, agricole<\/b> et de la <strong>transition \u00e9cologique <\/strong>\u00e0 communiquer sur leurs activit\u00e9s et valoriser leurs initiatives.<\/p>\n<em style=\"color:#ffffff\"><svg aria-hidden=\"true\"><use href=\"#tf-ti-video-clapper\"><\/use><\/svg><\/em> <h3> Vid\u00e9os professionnelles <\/h3> <p>Cam\u00e9ras 4k, gimbal, drone, micros : du mat\u00e9riel professionnel pour des images et un rendu de qualit\u00e9<\/p>\n<h3>&#8211; Accompagnement \u00e0 la structuration de votre projet audiovisuel<\/h3> \u00a0analyse de vos besoins, propositions visuelles, r\u00e9daction des scripts\n<h3>&#8211; Tournage<\/h3> \u00a0recherche des intervenants, planification, prises de vues &amp; son, interviews\n<h3>&#8211; Post-Production<\/h3> \u00a0montage, motion design, mixage audio, \u00e9talonnage, livraison\n<em style=\"color:#ffffff\"><svg aria-hidden=\"true\"><use href=\"#tf-ti-pulse\"><\/use><\/svg><\/em> <h3> Animations graphiques <\/h3> <p>Donnez vie \u00e0 vos id\u00e9es avec le motion design pour communiquer gr\u00e2ce \u00e0 des animations dynamiques<\/p>\n<h3>VOUS \u00caTES<\/h3> <p style=\"text-align: center;\">Agriculteur<\/p> <p style=\"text-align: center;\">Association<\/p> <p style=\"text-align: center;\">Centre de formation<\/p> <p style=\"text-align: center;\">Collectivit\u00e9 territoriale<\/p> <p style=\"text-align: center;\">Entreprise, artisan<\/p> <p style=\"text-align: center;\">Institut de recherche<\/p> <p style=\"text-align: center;\">Parc naturel<\/p>\n<h3>VOTRE PROJET<\/h3> <p style=\"text-align: center;\">Clip vid\u00e9o<\/p> <p style=\"text-align: center;\">Documentaire<\/p> <p style=\"text-align: center;\">Film institutionnel<\/p> <p style=\"text-align: center;\">Reportage<\/p> <p style=\"text-align: center;\">Vid\u00e9o p\u00e9dagogique<\/p> <p style=\"text-align: center;\">\u00a0<\/p>\n<h2>R\u00c9ALISATIONS<br\/><\/h2>\n<p>Quelques exemples de r\u00e9alisations r\u00e9centes<\/p>\n\n\n\n\n\n<img loading=\"lazy\" decoding=\"async\" loading=\"lazy\" src=\"https:\/\/studio-maracajou.fr\/wp-content\/uploads\/2023\/08\/Vous-e\u0302tes-votre-projet_aout-2023-1024x381-850x316.png\" width=\"850\" height=\"316\" title=\"Vous e\u0302tes votre projet_aout 2023\" alt=\"Vous e\u0302tes votre projet_aout 2023\" srcset=\"https:\/\/studio-maracajou.fr\/wp-content\/uploads\/2023\/08\/Vous-e\u0302tes-votre-projet_aout-2023-1024x381-850x316.png 850w, https:\/\/studio-maracajou.fr\/wp-content\/uploads\/2023\/08\/Vous-e\u0302tes-votre-projet_aout-2023-300x112.png 300w, https:\/\/studio-maracajou.fr\/wp-content\/uploads\/2023\/08\/Vous-e\u0302tes-votre-projet_aout-2023-1024x381.png 1024w, https:\/\/studio-maracajou.fr\/wp-content\/uploads\/2023\/08\/Vous-e\u0302tes-votre-projet_aout-2023-768x286.png 768w, https:\/\/studio-maracajou.fr\/wp-content\/uploads\/2023\/08\/Vous-e\u0302tes-votre-projet_aout-2023-1536x572.png 1536w, https:\/\/studio-maracajou.fr\/wp-content\/uploads\/2023\/08\/Vous-e\u0302tes-votre-projet_aout-2023.png 2000w\" sizes=\"auto, (max-width: 850px) 100vw, 850px\" \/>\n<img loading=\"lazy\" decoding=\"async\" loading=\"lazy\" width=\"955\" height=\"803\" src=\"https:\/\/studio-maracajou.fr\/wp-content\/uploads\/2023\/07\/MARACAJOU_FINAL_police-blanche.png\" title=\"MARACAJOU_FINAL_police blanche\" alt=\"MARACAJOU_FINAL_police blanche\" srcset=\"https:\/\/studio-maracajou.fr\/wp-content\/uploads\/2023\/07\/MARACAJOU_FINAL_police-blanche.png 955w, https:\/\/studio-maracajou.fr\/wp-content\/uploads\/2023\/07\/MARACAJOU_FINAL_police-blanche-300x252.png 300w, https:\/\/studio-maracajou.fr\/wp-content\/uploads\/2023\/07\/MARACAJOU_FINAL_police-blanche-768x646.png 768w, https:\/\/studio-maracajou.fr\/wp-content\/uploads\/2023\/07\/MARACAJOU_FINAL_police-blanche-310x260.png 310w\" sizes=\"auto, (max-width: 955px) 100vw, 955px\" \/>\n<h1 style=\"text-align: center;\"><strong>CONTACT<\/strong><\/h1>\n<p style=\"text-align: center;\">Si vous avez des questions, si vous souhaitez concr\u00e9tiser un projet, voici mes coordonn\u00e9es :<\/p>\n<em style=\"color: #ffffff\"><svg aria-hidden=\"true\"><use href=\"#tf-fas-house-user\"><\/use><\/svg><\/em>\n<img loading=\"lazy\" decoding=\"async\" loading=\"lazy\" src=\"https:\/\/studio-maracajou.fr\/wp-content\/uploads\/2023\/07\/Antoine-Charny-Brunet-1024x84-499x40.png\" width=\"499\" height=\"40\" title=\"Antoine Charny-Brunet\" alt=\"Antoine Charny-Brunet\" srcset=\"https:\/\/studio-maracajou.fr\/wp-content\/uploads\/2023\/07\/Antoine-Charny-Brunet-1024x84-499x40.png 499w, https:\/\/studio-maracajou.fr\/wp-content\/uploads\/2023\/07\/Antoine-Charny-Brunet-300x25.png 300w, https:\/\/studio-maracajou.fr\/wp-content\/uploads\/2023\/07\/Antoine-Charny-Brunet-1024x84.png 1024w, https:\/\/studio-maracajou.fr\/wp-content\/uploads\/2023\/07\/Antoine-Charny-Brunet-768x63.png 768w, https:\/\/studio-maracajou.fr\/wp-content\/uploads\/2023\/07\/Antoine-Charny-Brunet.png 1135w\" sizes=\"auto, (max-width: 499px) 100vw, 499px\" \/>\n<img loading=\"lazy\" decoding=\"async\" loading=\"lazy\" width=\"881\" height=\"99\" src=\"https:\/\/studio-maracajou.fr\/wp-content\/uploads\/2023\/07\/sie\u0300ge-die-dro\u0302me.png\" title=\"sie\u0300ge die dro\u0302me\" alt=\"sie\u0300ge die dro\u0302me\" srcset=\"https:\/\/studio-maracajou.fr\/wp-content\/uploads\/2023\/07\/sie\u0300ge-die-dro\u0302me.png 881w, https:\/\/studio-maracajou.fr\/wp-content\/uploads\/2023\/07\/sie\u0300ge-die-dro\u0302me-300x34.png 300w, https:\/\/studio-maracajou.fr\/wp-content\/uploads\/2023\/07\/sie\u0300ge-die-dro\u0302me-768x86.png 768w\" sizes=\"auto, (max-width: 881px) 100vw, 881px\" \/>\n<img loading=\"lazy\" decoding=\"async\" loading=\"lazy\" width=\"329\" height=\"74\" src=\"https:\/\/studio-maracajou.fr\/wp-content\/uploads\/2023\/07\/France.png\" title=\"France\" alt=\"France\" srcset=\"https:\/\/studio-maracajou.fr\/wp-content\/uploads\/2023\/07\/France.png 329w, https:\/\/studio-maracajou.fr\/wp-content\/uploads\/2023\/07\/France-300x67.png 300w\" sizes=\"auto, (max-width: 329px) 100vw, 329px\" \/>\n<em style=\"color: #ffffff\"><svg aria-hidden=\"true\"><use href=\"#tf-fas-phone\"><\/use><\/svg><\/em>\n<img loading=\"lazy\" decoding=\"async\" loading=\"lazy\" width=\"709\" height=\"76\" src=\"https:\/\/studio-maracajou.fr\/wp-content\/uploads\/2023\/07\/numero-tel-Helvetica.png\" title=\"numero tel Helvetica\" alt=\"numero tel Helvetica\" srcset=\"https:\/\/studio-maracajou.fr\/wp-content\/uploads\/2023\/07\/numero-tel-Helvetica.png 709w, https:\/\/studio-maracajou.fr\/wp-content\/uploads\/2023\/07\/numero-tel-Helvetica-300x32.png 300w\" sizes=\"auto, (max-width: 709px) 100vw, 709px\" \/>\n<em><svg aria-hidden=\"true\"><use href=\"#tf-ti-email\"><\/use><\/svg><\/em>\n<img loading=\"lazy\" decoding=\"async\" loading=\"lazy\" width=\"1431\" height=\"92\" src=\"https:\/\/studio-maracajou.fr\/wp-content\/uploads\/2023\/07\/adresse-mail-helvetica-1.png\" title=\"adresse mail helvetica\" alt=\"adresse mail helvetica\" srcset=\"https:\/\/studio-maracajou.fr\/wp-content\/uploads\/2023\/07\/adresse-mail-helvetica-1.png 1431w, https:\/\/studio-maracajou.fr\/wp-content\/uploads\/2023\/07\/adresse-mail-helvetica-1-300x19.png 300w, https:\/\/studio-maracajou.fr\/wp-content\/uploads\/2023\/07\/adresse-mail-helvetica-1-1024x66.png 1024w, https:\/\/studio-maracajou.fr\/wp-content\/uploads\/2023\/07\/adresse-mail-helvetica-1-768x49.png 768w\" sizes=\"auto, (max-width: 1431px) 100vw, 1431px\" \/>\n<em style=\"color:#ffffff\"><svg aria-hidden=\"true\"><use href=\"#tf-ti-move\"><\/use><\/svg><\/em> <h3> Animations <\/h3> <p>Donnez vie \u00e0 vos id\u00e9es en communiquant \u00e0 travers des animations dynamiques<\/p>\n<em style=\"color:#ffffff\"><svg aria-hidden=\"true\"><use href=\"#tf-ti-video-clapper\"><\/use><\/svg><\/em> <h3> Vid\u00e9o <\/h3> <p>Des images de qualit\u00e9 pour faire passer votre message<\/p>\n<em style=\"color:#ffffff\"><svg aria-hidden=\"true\"><use href=\"#tf-ti-music-alt\"><\/use><\/svg><\/em> <h3> Bande sonore <\/h3> <p>Sur mesure, compos\u00e9e pour vous, ou pioch\u00e9e dans un vaste catalogue pour repr\u00e9senter au mieux ce que vous \u00eates<\/p><!--\/themify_builder_static-->","protected":false},"excerpt":{"rendered":"<p>Production audiovisuelle Studio Maracajou est une soci\u00e9t\u00e9 de production audiovisuelle cr\u00e9\u00e9e pour accompagner les acteurs du monde rural, agricole et de la transition \u00e9cologique \u00e0 communiquer sur leurs activit\u00e9s et valoriser leurs initiatives. Animations Donnez vie \u00e0 vos id\u00e9es avec le motion design pour communiquer \u00e0 travers des animations dynamiques Vid\u00e9os et captations Mat\u00e9riel professionnel (cam\u00e9ras 4k, gimbal, drone, micros) pour des images et un rendu de qualit\u00e9 Bande sonore Sur mesure, compos\u00e9e pour vous, ou s\u00e9lectionn\u00e9e pour repr\u00e9senter au mieux ce que vous \u00eates VOUS \u00caTES Agriculteur Association Centre de formation Collectivit\u00e9 territoriale Entreprise, artisan Institut de recherche Parc naturel &#8211; Accompagnement \u00e0 la structuration de votre projet audiovisuel \u00a0analyse de vos besoins, propositions visuelles, r\u00e9daction des scripts &#8211; Tournage \u00a0recherche des intervenants, planification, prises de vues &amp; son, interviews &#8211; Post-Production \u00a0montage, motion design, mixage audio, \u00e9talonnage, livraison VOTRE PROJET Clip vid\u00e9o Documentaire Film institutionnel Reportage Vid\u00e9o p\u00e9dagogique \u00a0 VOUS \u00caTES Agriculteur Association Centre de formation Collectivit\u00e9 territoriale Entreprise, artisan Institut de recherche Parc naturel VOTRE PROJET Clip vid\u00e9o Documentaire Film institutionnel Reportage Vid\u00e9o p\u00e9dagogique \u00a0 &#8211; Accompagnement \u00e0 la structuration de votre projet audiovisuel \u00a0analyse de vos besoins, propositions visuelles, r\u00e9daction des scripts &#8211; Tournage \u00a0recherche des intervenants, planification, prises de vues &amp; son, interviews &#8211; Post-Production \u00a0montage, motion design, mixage audio, \u00e9talonnage, livraison Studio Maracajou est une soci\u00e9t\u00e9 de production audiovisuelle cr\u00e9\u00e9e pour accompagner les acteurs du monde rural, agricole et de la transition \u00e9cologique \u00e0 communiquer sur leurs activit\u00e9s et valoriser leurs initiatives. Vid\u00e9os professionnelles Cam\u00e9ras 4k, gimbal, drone, micros : du mat\u00e9riel professionnel pour des images et un rendu de qualit\u00e9 &#8211; Accompagnement \u00e0 la structuration de votre projet audiovisuel \u00a0analyse de vos besoins, propositions visuelles, r\u00e9daction des scripts &#8211; Tournage \u00a0recherche des intervenants, planification, prises de vues &amp; son, interviews &#8211; Post-Production \u00a0montage, motion design, mixage audio, \u00e9talonnage, livraison Animations graphiques Donnez vie \u00e0 vos id\u00e9es avec le motion design pour communiquer gr\u00e2ce \u00e0 des animations dynamiques VOUS \u00caTES Agriculteur Association Centre de formation Collectivit\u00e9 territoriale Entreprise, artisan Institut de recherche Parc naturel VOTRE PROJET Clip vid\u00e9o Documentaire Film institutionnel Reportage Vid\u00e9o p\u00e9dagogique \u00a0 R\u00c9ALISATIONS Quelques exemples de r\u00e9alisations r\u00e9centes CONTACT Si vous avez des questions, si vous souhaitez concr\u00e9tiser un projet, voici mes coordonn\u00e9es : Animations Donnez vie \u00e0 vos id\u00e9es en communiquant \u00e0 travers des animations dynamiques Vid\u00e9o Des images de qualit\u00e9 pour faire passer votre message Bande sonore Sur mesure, compos\u00e9e pour vous, ou pioch\u00e9e dans un vaste catalogue pour repr\u00e9senter au mieux ce que vous \u00eates<\/p>\n","protected":false},"author":1,"featured_media":0,"parent":0,"menu_order":0,"comment_status":"closed","ping_status":"closed","template":"","meta":{"_vp_format_video_url":"","_vp_image_focal_point":[],"footnotes":""},"class_list":["post-812","page","type-page","status-publish","hentry"],"_links":{"self":[{"href":"https:\/\/studio-maracajou.fr\/index.php\/wp-json\/wp\/v2\/pages\/812","targetHints":{"allow":["GET"]}}],"collection":[{"href":"https:\/\/studio-maracajou.fr\/index.php\/wp-json\/wp\/v2\/pages"}],"about":[{"href":"https:\/\/studio-maracajou.fr\/index.php\/wp-json\/wp\/v2\/types\/page"}],"author":[{"embeddable":true,"href":"https:\/\/studio-maracajou.fr\/index.php\/wp-json\/wp\/v2\/users\/1"}],"replies":[{"embeddable":true,"href":"https:\/\/studio-maracajou.fr\/index.php\/wp-json\/wp\/v2\/comments?post=812"}],"version-history":[{"count":41,"href":"https:\/\/studio-maracajou.fr\/index.php\/wp-json\/wp\/v2\/pages\/812\/revisions"}],"predecessor-version":[{"id":861,"href":"https:\/\/studio-maracajou.fr\/index.php\/wp-json\/wp\/v2\/pages\/812\/revisions\/861"}],"wp:attachment":[{"href":"https:\/\/studio-maracajou.fr\/index.php\/wp-json\/wp\/v2\/media?parent=812"}],"curies":[{"name":"wp","href":"https:\/\/api.w.org\/{rel}","templated":true}]}}